{"id":1310,"date":"2020-09-19T09:31:13","date_gmt":"2020-09-19T07:31:13","guid":{"rendered":"https:\/\/innoship.nmg.pl\/?page_id=1310"},"modified":"2020-12-15T07:23:14","modified_gmt":"2020-12-15T06:23:14","slug":"minimalizacja-czasu-i-kosztow","status":"publish","type":"page","link":"https:\/\/innoship.nmg.pl\/index.php\/minimalizacja-czasu-i-kosztow\/","title":{"rendered":"Minimalizacja czasu i koszt\u00f3w"},"content":{"rendered":"\t\t<div data-elementor-type=\"wp-page\" data-elementor-id=\"1310\" class=\"elementor elementor-1310\" data-elementor-settings=\"[]\">\n\t\t\t\t\t\t<div class=\"elementor-inner\">\n\t\t\t\t\t\t\t<div class=\"elementor-section-wrap\">\n\t\t\t\t\t\t\t<section class=\"elementor-section elementor-top-section elementor-element elementor-element-889bf48 elementor-section-full_width elementor-section-height-default elementor-section-height-default\" data-id=\"889bf48\" data-element_type=\"section\" data-settings=\"{&quot;background_background&quot;:&quot;classic&quot;}\">\n\t\t\t\t\t\t\t<div class=\"elementor-background-overlay\"><\/div>\n\t\t\t\t\t\t\t<div class=\"elementor-container elementor-column-gap-default\">\n\t\t\t\t\t\t\t<div class=\"elementor-row\">\n\t\t\t\t\t<div class=\"elementor-column elementor-col-100 elementor-top-column elementor-element elementor-element-d69b742\" data-id=\"d69b742\" data-element_type=\"column\">\n\t\t\t<div class=\"elementor-column-wrap elementor-element-populated\">\n\t\t\t\t\t\t\t<div class=\"elementor-widget-wrap\">\n\t\t\t\t\t\t<div class=\"elementor-element elementor-element-747d405 elementor-widget elementor-widget-heading\" data-id=\"747d405\" data-element_type=\"widget\" data-widget_type=\"heading.default\">\n\t\t\t\t<div class=\"elementor-widget-container\">\n\t\t\t<h2 class=\"elementor-heading-title elementor-size-default\">Minimalizacja czasu projektowania oraz jego koszt\u00f3w<\/h2>\t\t<\/div>\n\t\t\t\t<\/div>\n\t\t\t\t<div class=\"elementor-element elementor-element-8332784 elementor-widget elementor-widget-image\" data-id=\"8332784\" data-element_type=\"widget\" data-widget_type=\"image.default\">\n\t\t\t\t<div class=\"elementor-widget-container\">\n\t\t\t\t\t<div class=\"elementor-image\">\n\t\t\t\t\t\t\t\t\t\t<img src=\"https:\/\/innoship.nmg.pl\/wp-content\/uploads\/elementor\/thumbs\/plug-free-img-ovk2zid0ix67ive9cg46rb35z2w57nwb9ibtm00498.png\" title=\"Plugs\" alt=\"Plugs\" \/>\t\t\t\t\t\t\t\t\t\t\t<\/div>\n\t\t\t\t<\/div>\n\t\t\t\t<\/div>\n\t\t\t\t\t\t<\/div>\n\t\t\t\t\t<\/div>\n\t\t<\/div>\n\t\t\t\t\t\t\t\t<\/div>\n\t\t\t\t\t<\/div>\n\t\t<\/section>\n\t\t\t\t<section class=\"elementor-section elementor-top-section elementor-element elementor-element-d1b5813 elementor-section-boxed elementor-section-height-default elementor-section-height-default\" data-id=\"d1b5813\" data-element_type=\"section\" data-settings=\"{&quot;background_background&quot;:&quot;classic&quot;}\">\n\t\t\t\t\t\t<div class=\"elementor-container elementor-column-gap-default\">\n\t\t\t\t\t\t\t<div class=\"elementor-row\">\n\t\t\t\t\t<div class=\"elementor-column elementor-col-100 elementor-top-column elementor-element elementor-element-a52b17b\" data-id=\"a52b17b\" data-element_type=\"column\">\n\t\t\t<div class=\"elementor-column-wrap elementor-element-populated\">\n\t\t\t\t\t\t\t<div class=\"elementor-widget-wrap\">\n\t\t\t\t\t\t<div class=\"elementor-element elementor-element-d6ffa4c elementor-widget elementor-widget-text-editor\" data-id=\"d6ffa4c\" data-element_type=\"widget\" data-widget_type=\"text-editor.default\">\n\t\t\t\t<div class=\"elementor-widget-container\">\n\t\t\t\t\t<div class=\"elementor-text-editor elementor-clearfix\"><p>Jednym z g\u0142\u00f3wnych za\u0142o\u017ce\u0144, jakie przy\u015bwieca projektowi \u201eZintegrowanego systemu modelowania oraz graficznego projektowania instalacji elektrycznych na statkach\u201d, jest redukcja czasu, jaki obecnie jest potrzebny na stworzenie lub odwzorowania w pe\u0142ni sieci elektrycznej statku w postaci cyfrowej.<\/p>\n<p>Zgodnie z norm\u0105 IEEE Std 45.3-2015 modelowanie i symulacja odgrywaj\u0105 kluczow\u0105 rol\u0119 we wszystkich aspektach integracji systemu i powinny by\u0107 szeroko stosowane na wszystkich etapach projektowania. Zestaw narz\u0119dzi do modelowania powinien zawiera\u0107 spektrum modeli od prostych po z\u0142o\u017cone.<\/p>\n<p>Pocz\u0105wszy od fazy projektowania koncepcyjnego, proste modele powinny bada\u0107 czy zaprojektowana sie\u0107 spe\u0142nia wszystkie stawiane jej wymagania. W miar\u0119 post\u0119p\u00f3w w projektowaniu poziom szczeg\u00f3\u0142owo\u015bci i odzwierciedlenia rzeczywistych obiekt\u00f3w sieci powinien rosn\u0105\u0107 i s\u0142u\u017cy\u0107 jako in\u017cynieryjny zapis oczekiwanej sprawno\u015bci statku i systemu elektroenergetycznego. Wa\u017cne jest, aby zachowa\u0107 informacje wspieraj\u0105ce decyzj\u0119 podj\u0119t\u0105 na wcze\u015bniejszych etapach projektowania (fazy baseline, concept, preliminary).<\/p>\n<p>\u017badne istniej\u0105ce do tej pory \u015brodowisko symulacyjne nie jest w stanie sprosta\u0107 wszystkim wyzwaniom projektowym system\u00f3w zasilania. Dla projektanta dost\u0119pnych jest wiele narz\u0119dzi do modelowania, ale \u017cadne z nich nie jest w stanie rozwi\u0105za\u0107 wszystkich problem\u00f3w projektowych, z kt\u00f3rymi si\u0119 boryka. Zaprojektowane narz\u0119dzie do modelowania oparte b\u0119dzie o rzeczywiste wymagania projektant\u00f3w systemu. Dla Stowarzyszenia Towarzystw Klasyfikacyjnych kluczowe s\u0105 obliczenia dotycz\u0105ce harmonicznych dla r\u00f3\u017cnych konfiguracji systemu uwzgl\u0119dniaj\u0105c r\u00f3wnie\u017c awari\u0119 filtr\u00f3w harmonicznych. W przypadku zaprojektowanego przez nas \u015brodowiska, przeprowadzenie stymulacji przy zmianie konfiguracji czy wprowadzeniu scenariusza testowego, zak\u0142adaj\u0105cego awari\u0119 filtr\u00f3w harmonicznych, jest stosunkowo \u0142atwe i nie wymaga tworzenia od nowa ca\u0142ego uk\u0142adu symulacyjnego. W systemie zaimplementowano r\u00f3wnie\u017c w\u0142asne dedykowane algorytmy do przetwarzania sygna\u0142\u00f3w r\u00f3wnie\u017c o zmiennej cz\u0119stotliwo\u015bci.<\/p><\/div>\n\t\t\t\t<\/div>\n\t\t\t\t<\/div>\n\t\t\t\t<div class=\"elementor-element elementor-element-831858e elementor-widget elementor-widget-heading\" data-id=\"831858e\" data-element_type=\"widget\" data-widget_type=\"heading.default\">\n\t\t\t\t<div class=\"elementor-widget-container\">\n\t\t\t<h5 class=\"elementor-heading-title elementor-size-default\">Kluczowe etapy projektowania instalacji elektrycznej na statku<\/h5>\t\t<\/div>\n\t\t\t\t<\/div>\n\t\t\t\t<div class=\"elementor-element elementor-element-e0bce61 elementor-widget elementor-widget-toggle\" data-id=\"e0bce61\" data-element_type=\"widget\" data-widget_type=\"toggle.default\">\n\t\t\t\t<div class=\"elementor-widget-container\">\n\t\t\t\t\t<div class=\"elementor-toggle\" role=\"tablist\">\n\t\t\t\t\t\t\t<div class=\"elementor-toggle-item\">\n\t\t\t\t\t<div id=\"elementor-tab-title-2351\" class=\"elementor-tab-title\" data-tab=\"1\" role=\"tab\" aria-controls=\"elementor-tab-content-2351\">\n\t\t\t\t\t\t\t\t\t\t\t\t<span class=\"elementor-toggle-icon elementor-toggle-icon-left\" aria-hidden=\"true\">\n\t\t\t\t\t\t\t\t\t\t\t\t\t\t\t<span class=\"elementor-toggle-icon-closed\"><i class=\"fas fa-caret-right\"><\/i><\/span>\n\t\t\t\t\t\t\t\t<span class=\"elementor-toggle-icon-opened\"><i class=\"elementor-toggle-icon-opened fas fa-caret-up\"><\/i><\/span>\n\t\t\t\t\t\t\t\t\t\t\t\t\t<\/span>\n\t\t\t\t\t\t\t\t\t\t\t\t<a href=\"\" class=\"elementor-toggle-title\">Analiza dokumentacji elektrycznej statku i okre\u015blenie wymaganych dla schematu urz\u0105dze\u0144 <\/a>\n\t\t\t\t\t<\/div>\n\t\t\t\t\t<div id=\"elementor-tab-content-2351\" class=\"elementor-tab-content elementor-clearfix\" data-tab=\"1\" role=\"tabpanel\" aria-labelledby=\"elementor-tab-title-2351\"><p>Ka\u017cdy projekt tworzenia instalacji elektrycznej statku, rozpoczyna si\u0119 od analizy dostarczonej dokumentacji, kt\u00f3ra jasno okre\u015bla jakie wymagania stawiane s\u0105 wobec statku.<\/p><\/div>\n\t\t\t\t<\/div>\n\t\t\t\t\t\t\t<div class=\"elementor-toggle-item\">\n\t\t\t\t\t<div id=\"elementor-tab-title-2352\" class=\"elementor-tab-title\" data-tab=\"2\" role=\"tab\" aria-controls=\"elementor-tab-content-2352\">\n\t\t\t\t\t\t\t\t\t\t\t\t<span class=\"elementor-toggle-icon elementor-toggle-icon-left\" aria-hidden=\"true\">\n\t\t\t\t\t\t\t\t\t\t\t\t\t\t\t<span class=\"elementor-toggle-icon-closed\"><i class=\"fas fa-caret-right\"><\/i><\/span>\n\t\t\t\t\t\t\t\t<span class=\"elementor-toggle-icon-opened\"><i class=\"elementor-toggle-icon-opened fas fa-caret-up\"><\/i><\/span>\n\t\t\t\t\t\t\t\t\t\t\t\t\t<\/span>\n\t\t\t\t\t\t\t\t\t\t\t\t<a href=\"\" class=\"elementor-toggle-title\">Utworzenie i parametryzacja urz\u0105dze\u0144 o wy\u017cszym poziomie z\u0142o\u017cono\u015bci, wykorzystywanych na schemacie<\/a>\n\t\t\t\t\t<\/div>\n\t\t\t\t\t<div id=\"elementor-tab-content-2352\" class=\"elementor-tab-content elementor-clearfix\" data-tab=\"2\" role=\"tabpanel\" aria-labelledby=\"elementor-tab-title-2352\"><p>Sam wyb\u00f3r urz\u0105dze\u0144 i uzyskanie danych katalogowych to dopiero pocz\u0105tek procesu projektowania. Kolejnym etapem jest zbudowanie ich cyfrowych odpowiednik\u00f3w dla \u015brodowiska symulacyjnego. Dopiero takie odwzorowanie umo\u017cliwia wykorzystanie tych urz\u0105dze\u0144 przy projektowaniu schematu sieci elektrycznej. Ka\u017cde z takich urz\u0105dze\u0144 b\u0119dzie mie\u0107 inn\u0105 parametryzacj\u0119 i w\u0142a\u015bciwo\u015bci, gdy\u017c ich dzia\u0142anie jest opisane innymi modelami matematycznymi.<\/p><\/div>\n\t\t\t\t<\/div>\n\t\t\t\t\t\t\t<div class=\"elementor-toggle-item\">\n\t\t\t\t\t<div id=\"elementor-tab-title-2353\" class=\"elementor-tab-title\" data-tab=\"3\" role=\"tab\" aria-controls=\"elementor-tab-content-2353\">\n\t\t\t\t\t\t\t\t\t\t\t\t<span class=\"elementor-toggle-icon elementor-toggle-icon-left\" aria-hidden=\"true\">\n\t\t\t\t\t\t\t\t\t\t\t\t\t\t\t<span class=\"elementor-toggle-icon-closed\"><i class=\"fas fa-caret-right\"><\/i><\/span>\n\t\t\t\t\t\t\t\t<span class=\"elementor-toggle-icon-opened\"><i class=\"elementor-toggle-icon-opened fas fa-caret-up\"><\/i><\/span>\n\t\t\t\t\t\t\t\t\t\t\t\t\t<\/span>\n\t\t\t\t\t\t\t\t\t\t\t\t<a href=\"\" class=\"elementor-toggle-title\">Umieszczenie na planszy urz\u0105dze\u0144 oraz ich po\u0142\u0105czenie <\/a>\n\t\t\t\t\t<\/div>\n\t\t\t\t\t<div id=\"elementor-tab-content-2353\" class=\"elementor-tab-content elementor-clearfix\" data-tab=\"3\" role=\"tabpanel\" aria-labelledby=\"elementor-tab-title-2353\"><p>Przy ka\u017cdorazowej zmianie schematu (dodanie, usuni\u0119cie nowego urz\u0105dzenia lub modyfikacja po\u0142\u0105czenia), ca\u0142y model musi by\u0107 wst\u0119pnie kompilowany, aby zapewni\u0107 jego poprawno\u015b\u0107 i natychmiastowo wykry\u0107 b\u0142\u0119dy.<\/p><\/div>\n\t\t\t\t<\/div>\n\t\t\t\t\t\t\t<div class=\"elementor-toggle-item\">\n\t\t\t\t\t<div id=\"elementor-tab-title-2354\" class=\"elementor-tab-title\" data-tab=\"4\" role=\"tab\" aria-controls=\"elementor-tab-content-2354\">\n\t\t\t\t\t\t\t\t\t\t\t\t<span class=\"elementor-toggle-icon elementor-toggle-icon-left\" aria-hidden=\"true\">\n\t\t\t\t\t\t\t\t\t\t\t\t\t\t\t<span class=\"elementor-toggle-icon-closed\"><i class=\"fas fa-caret-right\"><\/i><\/span>\n\t\t\t\t\t\t\t\t<span class=\"elementor-toggle-icon-opened\"><i class=\"elementor-toggle-icon-opened fas fa-caret-up\"><\/i><\/span>\n\t\t\t\t\t\t\t\t\t\t\t\t\t<\/span>\n\t\t\t\t\t\t\t\t\t\t\t\t<a href=\"\" class=\"elementor-toggle-title\">Parametryzacja (kalibracja) ca\u0142ego schematu<\/a>\n\t\t\t\t\t<\/div>\n\t\t\t\t\t<div id=\"elementor-tab-content-2354\" class=\"elementor-tab-content elementor-clearfix\" data-tab=\"4\" role=\"tabpanel\" aria-labelledby=\"elementor-tab-title-2354\"><p>Ka\u017cdy z element\u00f3w musi zosta\u0107 w\u0142a\u015bciwe skalibrowany w celu poprawnego wsp\u00f3\u0142dzia\u0142ania z reszt\u0105 urz\u0105dze\u0144 w oczekiwanej konfiguracji. Poniewa\u017c \u015brodowiska symulacyjne s\u0105 bardzo wra\u017cliwe na b\u0142\u0119dy (a przy tym niedoskona\u0142e), proces parametryzacji modelu cz\u0119sto jest przeplatany du\u017c\u0105 ilo\u015bci\u0105 test\u00f3w. Ma to na celu sprawdzenie, czy nie wyst\u0119puj\u0105 anomalie w dzia\u0142aniu symulacji.<\/p><\/div>\n\t\t\t\t<\/div>\n\t\t\t\t\t\t\t<div class=\"elementor-toggle-item\">\n\t\t\t\t\t<div id=\"elementor-tab-title-2355\" class=\"elementor-tab-title\" data-tab=\"5\" role=\"tab\" aria-controls=\"elementor-tab-content-2355\">\n\t\t\t\t\t\t\t\t\t\t\t\t<span class=\"elementor-toggle-icon elementor-toggle-icon-left\" aria-hidden=\"true\">\n\t\t\t\t\t\t\t\t\t\t\t\t\t\t\t<span class=\"elementor-toggle-icon-closed\"><i class=\"fas fa-caret-right\"><\/i><\/span>\n\t\t\t\t\t\t\t\t<span class=\"elementor-toggle-icon-opened\"><i class=\"elementor-toggle-icon-opened fas fa-caret-up\"><\/i><\/span>\n\t\t\t\t\t\t\t\t\t\t\t\t\t<\/span>\n\t\t\t\t\t\t\t\t\t\t\t\t<a href=\"\" class=\"elementor-toggle-title\">Testy po\u015brednie z wykorzystaniem \u015brodowiska symulacyjnego<\/a>\n\t\t\t\t\t<\/div>\n\t\t\t\t\t<div id=\"elementor-tab-content-2355\" class=\"elementor-tab-content elementor-clearfix\" data-tab=\"5\" role=\"tabpanel\" aria-labelledby=\"elementor-tab-title-2355\"><p>Przy ka\u017cdorazowej zmianie kluczowych element\u00f3w modelu wymagane jest przeprowadzenie test\u00f3w z wykorzystaniem \u015brodowiska symulacyjnego. Jego celem jest wykrycie i wyeliminowanie b\u0142\u0119d\u00f3w oraz anomalii na jak najwcze\u015bniejszym etapie projektowania. cyjne s\u0105 bardzo wra\u017cliwe na b\u0142\u0119dy (a przy tym niedoskona\u0142e), proces parametryzacji modelu cz\u0119sto jest przeplatany du\u017c\u0105 ilo\u015bci\u0105 test\u00f3w. Ma to na celu sprawdzenie, czy nie wyst\u0119puj\u0105 anomalie w dzia\u0142aniu symulacji.<\/p><\/div>\n\t\t\t\t<\/div>\n\t\t\t\t\t\t\t<div class=\"elementor-toggle-item\">\n\t\t\t\t\t<div id=\"elementor-tab-title-2356\" class=\"elementor-tab-title\" data-tab=\"6\" role=\"tab\" aria-controls=\"elementor-tab-content-2356\">\n\t\t\t\t\t\t\t\t\t\t\t\t<span class=\"elementor-toggle-icon elementor-toggle-icon-left\" aria-hidden=\"true\">\n\t\t\t\t\t\t\t\t\t\t\t\t\t\t\t<span class=\"elementor-toggle-icon-closed\"><i class=\"fas fa-caret-right\"><\/i><\/span>\n\t\t\t\t\t\t\t\t<span class=\"elementor-toggle-icon-opened\"><i class=\"elementor-toggle-icon-opened fas fa-caret-up\"><\/i><\/span>\n\t\t\t\t\t\t\t\t\t\t\t\t\t<\/span>\n\t\t\t\t\t\t\t\t\t\t\t\t<a href=\"\" class=\"elementor-toggle-title\">Testy ko\u0144cowe poprawno\u015bci uk\u0142adu z wykorzystaniem algorytm\u00f3w przetwarzania sygna\u0142\u00f3w oraz \u015brodowiska symulacyjnego<\/a>\n\t\t\t\t\t<\/div>\n\t\t\t\t\t<div id=\"elementor-tab-content-2356\" class=\"elementor-tab-content elementor-clearfix\" data-tab=\"6\" role=\"tabpanel\" aria-labelledby=\"elementor-tab-title-2356\"><p>Po zako\u0144czeniu procesu tworzenia schematu musi on zosta\u0107 gruntownie przebadany, zanim zostan\u0105 przeprowadzone na jego podstawie kolejne prace. Proces testowania polega na przeprowadzeniu szeregu symulacji uwzgl\u0119dniaj\u0105cych konkretne dane wej\u015bciowe, interpretacji wynik\u00f3w uzyskanych z wykorzystaniem algorytm\u00f3w przetwarzania sygna\u0142\u00f3w oraz por\u00f3wnaniu wynik\u00f3w z pomiarami rzeczywistych urz\u0105dze\u0144.<\/p><\/div>\n\t\t\t\t<\/div>\n\t\t\t\t\t<\/div>\n\t\t\t\t<\/div>\n\t\t\t\t<\/div>\n\t\t\t\t<div class=\"elementor-element elementor-element-f9a53ba elementor-widget elementor-widget-text-editor\" data-id=\"f9a53ba\" data-element_type=\"widget\" data-widget_type=\"text-editor.default\">\n\t\t\t\t<div class=\"elementor-widget-container\">\n\t\t\t\t\t<div class=\"elementor-text-editor elementor-clearfix\"><p>W celu uko\u0144czenia etap\u00f3w wymienionych powy\u017cej, firma musi posiada\u0107 szerok\u0105 kadr\u0119 specjalist\u00f3w z wieloma kompetencjami nie tylko z bran\u017cy stoczniowej, ale te\u017c elektrycznej czy naukowej.<\/p>\n<p>Celem projektu jest pomoc firmom w zautomatyzowaniu cz\u0119\u015bci prac, a co za tym idzie, mo\u017cliwo\u015b\u0107 tworzenia mniejszych zespo\u0142\u00f3w na potrzeby jednego projektu, co mo\u017ce skutkowa\u0107 wi\u0119ksz\u0105 ilo\u015bci\u0105 projekt\u00f3w realizowanych w tym samym czasie.<\/p><\/div>\n\t\t\t\t<\/div>\n\t\t\t\t<\/div>\n\t\t\t\t<div class=\"elementor-element elementor-element-a828fc0 elementor-widget elementor-widget-heading\" data-id=\"a828fc0\" data-element_type=\"widget\" data-widget_type=\"heading.default\">\n\t\t\t\t<div class=\"elementor-widget-container\">\n\t\t\t<h4 class=\"elementor-heading-title elementor-size-default\">Baza wiedzy jak\u0105 otrzyma u\u017cytkownik wraz oprogramowaniem<\/h4>\t\t<\/div>\n\t\t\t\t<\/div>\n\t\t\t\t<div class=\"elementor-element elementor-element-ba1f51d elementor-widget elementor-widget-text-editor\" data-id=\"ba1f51d\" data-element_type=\"widget\" data-widget_type=\"text-editor.default\">\n\t\t\t\t<div class=\"elementor-widget-container\">\n\t\t\t\t\t<div class=\"elementor-text-editor elementor-clearfix\"><p>Dzi\u0119ki zebranym danym na etapie prac badawczych mo\u017cliwe jest zbudowanie systemu, kt\u00f3ry wykona za u\u017cytkownika du\u017c\u0105 cz\u0119\u015b\u0107 m. in. oblicze\u0144, przetwarzania sygna\u0142\u00f3w, wst\u0119pnej interpretacji danych, ale to nie wszystko. W ramach systemu u\u017cytkownik b\u0119dzie mie\u0107 dost\u0119p do olbrzymiej bazy wiedzy wspieraj\u0105cej w poprawnym tworzeniu projektu. I tak np. oprogramowanie samo b\u0119dzie pilnowa\u0107 by projekt by\u0142:<\/p>\n<ul>\n<li>zgodny z normami<\/li>\n<li>zgodny z wytycznymi towarzystw klasyfikacyjnych<\/li>\n<li>poprawny pod k\u0105tem technicznym<\/li>\n<li>poprawny pod k\u0105tem wykorzystania w \u015brodowisku symulacyjnym HIL<\/li>\n<\/ul>\n<p>Dodatkowo w oprogramowaniu zaimplementowana b\u0119dzie olbrzymia biblioteka:<\/p>\n<ul>\n<li>gotowych do wykorzystania architektur sieci okr\u0119towych<\/li>\n<li>modeli matematycznych urz\u0105dze\u0144 czo\u0142owych producent\u00f3w w bran\u017cy morskiej wraz z ich parametryzacj\u0105 wg. danych katalogowych<\/li>\n<li>algorytm\u00f3w przetwarzania danych<\/li>\n<li>algorytm\u00f3w interpretacji danych<\/li>\n<li>scenariuszy testowych zgodnych z tymi, jakich u\u017cywaj\u0105 towarzystwa klasyfikacyjne<\/li>\n<\/ul><\/div>\n\t\t\t\t<\/div>\n\t\t\t\t<\/div>\n\t\t\t\t\t\t<\/div>\n\t\t\t\t\t<\/div>\n\t\t<\/div>\n\t\t\t\t\t\t\t\t<\/div>\n\t\t\t\t\t<\/div>\n\t\t<\/section>\n\t\t\t\t<section class=\"elementor-section elementor-top-section elementor-element elementor-element-271903e4 elementor-section-boxed elementor-section-height-default elementor-section-height-default\" data-id=\"271903e4\" data-element_type=\"section\">\n\t\t\t\t\t\t<div class=\"elementor-container elementor-column-gap-default\">\n\t\t\t\t\t\t\t<div class=\"elementor-row\">\n\t\t\t\t\t<div class=\"elementor-column elementor-col-100 elementor-top-column elementor-element elementor-element-2dcaef8b\" data-id=\"2dcaef8b\" data-element_type=\"column\">\n\t\t\t<div class=\"elementor-column-wrap elementor-element-populated\">\n\t\t\t\t\t\t\t<div class=\"elementor-widget-wrap\">\n\t\t\t\t\t\t<div class=\"elementor-element elementor-element-1fc83bda elementor-widget elementor-widget-text-editor\" data-id=\"1fc83bda\" data-element_type=\"widget\" data-widget_type=\"text-editor.default\">\n\t\t\t\t<div class=\"elementor-widget-container\">\n\t\t\t\t\t<div class=\"elementor-text-editor elementor-clearfix\"><!-- wp:fl-builder\/layout \/--><\/div>\n\t\t\t\t<\/div>\n\t\t\t\t<\/div>\n\t\t\t\t\t\t<\/div>\n\t\t\t\t\t<\/div>\n\t\t<\/div>\n\t\t\t\t\t\t\t\t<\/div>\n\t\t\t\t\t<\/div>\n\t\t<\/section>\n\t\t\t\t\t\t<\/div>\n\t\t\t\t\t\t<\/div>\n\t\t\t\t\t<\/div>\n\t\t","protected":false},"excerpt":{"rendered":"<p>Minimalizacja czasu projektowania oraz jego koszt\u00f3w Jednym z g\u0142\u00f3wnych za\u0142o\u017ce\u0144, jakie przy\u015bwieca projektowi \u201eZintegrowanego systemu modelowania oraz graficznego projektowania instalacji elektrycznych na statkach\u201d, jest redukcja czasu, jaki obecnie jest potrzebny na stworzenie lub odwzorowania w pe\u0142ni sieci elektrycznej statku w postaci cyfrowej. Zgodnie z norm\u0105 IEEE Std 45.3-2015 modelowanie i symulacja odgrywaj\u0105 kluczow\u0105 rol\u0119 we &hellip;<\/p>\n<p class=\"read-more\"> <a class=\"\" href=\"https:\/\/innoship.nmg.pl\/index.php\/minimalizacja-czasu-i-kosztow\/\"> <span class=\"screen-reader-text\">Minimalizacja czasu i koszt\u00f3w<\/span> Read More &raquo;<\/a><\/p>\n","protected":false},"author":1,"featured_media":0,"parent":0,"menu_order":0,"comment_status":"closed","ping_status":"closed","template":"","meta":[],"_links":{"self":[{"href":"https:\/\/innoship.nmg.pl\/index.php\/wp-json\/wp\/v2\/pages\/1310"}],"collection":[{"href":"https:\/\/innoship.nmg.pl\/index.php\/wp-json\/wp\/v2\/pages"}],"about":[{"href":"https:\/\/innoship.nmg.pl\/index.php\/wp-json\/wp\/v2\/types\/page"}],"author":[{"embeddable":true,"href":"https:\/\/innoship.nmg.pl\/index.php\/wp-json\/wp\/v2\/users\/1"}],"replies":[{"embeddable":true,"href":"https:\/\/innoship.nmg.pl\/index.php\/wp-json\/wp\/v2\/comments?post=1310"}],"version-history":[{"count":6,"href":"https:\/\/innoship.nmg.pl\/index.php\/wp-json\/wp\/v2\/pages\/1310\/revisions"}],"predecessor-version":[{"id":1427,"href":"https:\/\/innoship.nmg.pl\/index.php\/wp-json\/wp\/v2\/pages\/1310\/revisions\/1427"}],"wp:attachment":[{"href":"https:\/\/innoship.nmg.pl\/index.php\/wp-json\/wp\/v2\/media?parent=1310"}],"curies":[{"name":"wp","href":"https:\/\/api.w.org\/{rel}","templated":true}]}}